0 - 2) + (45 - 56)
-21
Calculate 218 - (143 + -95) - 18.
152
Evaluate (-25 - (6 - 15) - (-13 - 0)) + (6 - -16).
19
125 + (0 - (11 + 10 + -21)) + 8
133
-31 + (37 - 64 - 14) + 37
-35
What is 181 - (-16 + -39 - -142)?
94
14 + 48 + -3 + -11 + 12
60
What is -54 - 4 - (14 + (-4 - 10) + -6)?
-52
Calculate 9 + -8 - (-1 + -1 + (1 - (72 - -13))).
87
(15 - (7 - (-8 + 12))) + (-26 - 6)
-20
What is the value of (11 - (10 + 0 + -1) - (-10 - 1)) + -112?
-99
-15 + 18 + 19 - -26
48
131 + -109 - (-38 + 1)
59
Evaluate 12 + -1 - (97 + -13 - 53).
-20
120 + -126 + -1 + -1 + 72 + (3 - -10)
77
Evaluate (-5 - (15 + (-9 - 55))) + -7.
37
What is the value of (-50 - -46) + 16 + -1 + -26 + 0 + 1?
-14
What is the value of 24 - (2 - (-27 - -37)) - 19?
13
Calculate 5 + 17 - (5 + 58 - 43) - (-1 - -46).
-43
3 + -5 - ((-695 - -682) + 60 + 0)
-49
Evaluate 50 - (13 - -14 - (43 - -2)).
68
Evaluate -11 + 15 - (106 - 73).
-29
-1 + 33 - (2843 - 2795) - 13
-29
-25 + 3 - (-94 + 89 + (-1 - 2))
-14
Calculate 32 + (-25 - 77) - -34.
-36
6505 - 6507 - (20 - (-1 - -1 - -1))
-21
Calculate -18 + -3 - (5 + -3 + 1) - (-5152 - -5164).
-36
Calculate -76 - -65 - (-55 - -31).
13
What is -28 + 17 + (32 - 0) + -70 + 3 + -1?
-47
Evaluate 60 + -5 - (-129 - -111).
73
Calculate (23 - 22) + (150 - 196).
-45
(-2 + 29 - 11) + (-57 - -48)
7
What is the value of (-36 - 41) + 178 - 46?
55
What is -5270 + 5255 + (2 - 0 - -35)?
22
-19 + 2 + -2 - (-271 + 264 - (-2 + -8))
-22
(-21 - ((17 - 25) + -9)) + (3 - -2)
1
What is the value of 0 - 0 - (74 - (54 - 3)) - 54?
-77
(26 - (-25 - -48)) + (9 - 21) + -50
-59
What is -52 - (-26 + (-9 - 6) - -37)?
-48
Calculate (6 - -16 - (53 - 51)) + -67.
-47
-3 + 51 + 48 + -39
57
Evaluate -27 + -5 - (-2 - -1 - -3).
-34
Evaluate (3 - -13 - -69) + (1 - 0) + 7 + -16.
77
Calculate (8 - 29) + (34 - 47) + 46.
12
(0 - -49) + 55 + 304 + -264
144
Calculate -61 + 5 - 2 - (-3186 + 3169).
-41
Evaluate 1 - (-11 - -1) - (60 - (-162 - -162)).
-49
What is the value of (-20 - -18) + (-10 - -1) + 22 - 39?
-28
What is 63 + -12 + 15 + -66?
0
What is (-11 - (101 - 142)) + 70?
100
What is the value of -14 - (-17 - 26) - (55 - 14)?
-12
What is the value of -470 + 466 + 3 + 26?
25
What is -96 + (273 - 139) + (32 - 1)?
69
Evaluate -2718 - -2721 - (-3 + 2 - -103).
-99
What is -7 + 0 + -3 + -1 - (185 + -176)?
-20
What is the value of -3 + -3 + 4 - (-127 + 139)?
-14
What is the value of -23 + 2 - (28 - (-37 - (4 + -39)))?
-51
Evaluate (11 + -16 - -6) + (-26 - (4 - 19)).
-10
What is -13 - (-11 - (10 + -11 + -2 + 7))?
2
-10 + (15 - -5 - 10) - ((8 - 15) + -5)
12
What is the value of -462 + 423 - (-14 + 8 - -64)?
-97
Calculate (-12 - (80 + -177)) + -5.
80
What is 30 + (-44 - 18 - -24)?
-8
What is (-19 - (-17 + 34 + -34)) + (-61 - -12)?
-51
What is the value of 33 + -64 + 8 + (-7 - (-13 - -5))?
-22
Calculate -4 - (-23 + (62 - 25) + -8).
-10
What is the value of 16 + -1 - (11 - 11 - (31 + 0))?
46
What is 4 + 13 + -9 + -3 + 64 - 0?
69
Calculate (-41 + -1 - (34 + -22 - (0 - -7))) + 7.
-40
43 - (25 - 62) - 26
54
Evaluate -6 + 2 + -13 + (-107 - -12) - (-14 + 15).
-113
Calculate -8 + 0 + (1 + 37 - -31).
61
Calculate -42 - (-26 - (8 + -34 - -1)).
-41
What is 3836 + -3745 + (-2 - 168)?
-79
Evaluate (-17 - (-6 + -2) - -5) + -3 + 24.
17
Calculate -65 + 5 - ((-1 - -7) + -20 + 1).
-47
What is -5718 + 5682 - (1 + 0 - -1 - 15)?
-23
(-11 - -20 - -1 - -5 - 18) + -30
-33
What is the value of 167 + -353 + -7 + 109?
-84
What is the value of 11 - (-10 + -17 + 91)?
-53
Calculate -22 + (-9 - -116) - (-1 - 8 - -3 - 1).
92
What is the value of -12 + -3 + (-122 + -19 - -83)?
-73
Calculate (95 - 4) + (-613 - -539).
17
What is the value of 47 + -60 - (24 + (1 - -1))?
-39
Calculate 262 + -253 + 2 + 0 + (-3 - -21).
29
Evaluate -1 + 7 + (169 - 172) + (-2 - -1) + 27.
29
(22 - 1 - (-323 - -278)) + -31
35
What is the value of 35 + (-11 + 27 - 13) + 1?
39
Evaluate -40 - (10 + 3 + -6 + (-125 - -103)).
-25
What is (-1084 - -1091) + (1 - (1 + (2 - 4) + 0))?
9
Evaluate (229 - 177) + -1 + -2 + -9 + 5.
45
What is 44 + (34 - -5) - 79?
4
Calculate 16 + (7 - 9) - (-5 + (-4 - -14) - 9).
18
(-36 - -19) + -1 + 2 + -23
-39
Calculate 1 + -68 + (81 - 38).
-24
Calculate 1134 - 1156 - (-22 - -49 - (-1 + 6)).
-44
Calculate (-7 - 15) + 16 + (13 - 7) + -48.
-48
(26 - -32) + 19 + (-15 - (9 + -11))
64
Calculate 0 + -2 - -10 - (9253 - 9297).
52
18 - (31 + 25 + -14)
-24
Evaluate -11 - (-89 + (36 - -11) + (0 - -10)).
21
Calculate -1 - 8 - (-19 - -11) - (37 - -1 - 2).
-37
Evaluate 2 - (-2 - -20) - (-24 + 36).
-28
What is 133 - (34 + (95 - 58))?
62
Evaluate (-65 - -70 - (2 - (3 + 3))) + -122.
-113
What is -33 + (19 - (-129 + 62))?
53
What is 28 - ((-1 - -2) + (-236 - -271))?
-8
99 - 78 - (10 - 10 - 18)
39
Calculate (-29 - -34) + -34 + 13 + 8.
-8
What is 2236 - 2156 - (0 - -16)?
64
8 - (-13 - (6 + 0 + 18 + -24))
21
What is the value of 2 + -54 - (-97 - 11)?
56
(-7 - -10) + 1 + -1 + (25 - (60 + -8))
-24
Evaluate 2 + (0 - -11 - (176 + -75 + -29)).
-59
Evaluate -1 + 35 + -3 + (17 + -31 + 8 - -6).
31
Evaluate 11 + -9 + 1 + 9 + -2 + 7 + 0.
17
What is the value of (-36 - -60 - -35) + -99 - (-7 - 0)?
-33
Calculate 35 + (-1 - 12) + 453 + -431.
44
What is the value of (-27 - (-51 + 1)) + 56 + 14?
93
What is the value of 2 - 65 - (-65 + (-7 - -32) + 27 + 13)?
-63
Evaluate (-2 - -5) + -1 + 19 + 10 + -117.
-86
Evaluate 17 - (20 + -85 + 49).
33
(26 - 11) + -14 - (-5 + (3 - -4) + -14)
13
What is -300 + 341 + (0 - 33) - (-7 - (6 - 3))?
18
Calculate -15 - (23 - (-3 - (-13 + 3))) - (-3 - 0).
-28
Evaluate 39 - 29 - -21 - -14.
45
Calculate 176 + (-62 - -5) - 61.
58
13 - (-32 - -77 - 59 - (1 - (-39 - 1)))
68
What is 73 + (-33 + 11 + 23 - 27)?
47
What is the value of (2 - (-61 + 97)) + -18 + 2?
-50
What is the value of (-2 + -3 - -59) + -5 - (-20 - -42 - 14)?
41
Evaluate (-179 - -184 - (20 - (-4 - -3 - -2))) + 126.
112
What is the value of 4 + (-13 - -4) + (-9 - (14 + -30))?
2
What is the value of 0 + -8 + (6 - (138 + -47))?
-93
What is 216 + -252 + -5 + (-1 - (-2 - -4))?
-44
What is the value of (-13 - 34) + (102 - 63)?
-8
Calculate 1 + -2 + 6 + (63 - 22).
46
Evaluate (-7 - 52 - -70) + -35.
-24
What is the value of 108 + (-84 - (-60 + 29))?
55
Evaluate 10 + 2 - -4 - (35 - 32) - (4 + -2).
11
What is -102 - -2 - (-3248 - -3132)?
16
What is the value of (-3451 - -3424) + (-1 - (-105 - 2))?
79
Calculate (-8 - -8) + -11 + -21 + (-4 - -19).
-17
Evaluate -1 + 0 - (-88 + 61 + -12) - (10 - 3).
31
-6 - 19 - (26 - 44) - (1 + 28)
-36
What is the value of 22 - (-23 + 4 - (-33 + 9 + 63))?
80
What is the value of 0 - (24 - (97 + -37))?
36
Calculate -2 + 7 + (-15 - -8) - (-92 - -43).
47
Calculate -12 + 1 + (7 - -3 - (-32 + 49)).
-18
Calculate -1 - ((1 + -16 - -9) + 96).
-91
-4 + -3 + 0 - (-5 + 31 - (62 - -19))
48
-536 + 535 + -1 + -10 + -110
-122
-25 - (2 - ((9 + -6 - (1 + -11)) + -7))
-21
Evaluate 2 - (4 + (1 + (14 - 1) - -49)).
-65
What is -37 + (-8 - (20 + 0) - -13)?
-52
What is the value of -12 + -25 + (17 - -58) + -2 + -9?
27
What is the value of (-10 - 11 - -16) + -53 - -8?
-50
What is -8 - (-16 + (4 - (-27 + 11 - -61)))?
49
What is (1191 - 1236) + 0 + 82?
37
What is the value of -5 + -3 + 116 + 16 + 48 + -82?
90
-2 + -50 + -113 + 29 + 68 + -12
-80
What is the value of (-9 + -4 + 66 - (0 - 5)) + -11 + 10?
57
15 - (-14 + (-18 - -16 - -14))
17
Evaluate -9 - -7 - (-10 - -7) - ((-1 - 0) + 6).
-4
60 + -50 + (6 - 15 - -53)
54
10 + (-197 - -205 - (55 + 1 + 1))
-39
-7 + -27 + (61 - 79)
-52
What is the value of (2 - -63 - (-52 - -16 - -54)) + 10?
57
What is the value of -13 + 142 + -275 + 178?
32
What is (155 - (-88 - -102)) + -150?
-9
169 + -190 + (8 + 3 - 1)
-11
84 - (-24 + (45 - -85))
-22
Calculate -10 + 42 + -14 + 0 + (21 - 15).
24
What is the value of 38 + -19 - 0 - (-14 + 7)?
26
What is the value of 9 + (32 - -71 - 233)?
-121
Evaluate -16 + 29 - (1 + 65 + (1 - (22 - 9))).
-41
What is (-33 + 66 - 67) + 92?
58
Calculate -25 - -26 - (715 + -643).
-71
What is the value of 78 + (2 + -7 + -16 - (101 + -112))?
68
Evaluate 37 + (-512 + 529 - (2 - 1)).
53
Evaluate 5 + (10 - 3) + (6 - -32).
50
Evaluate -12 - (1 + -99 + (-10 - -22) + 6 + -4).
72
Calculate 2 - (-8 + 6 - (-140 + -2 + -3 + 11)).
-130
Evaluate 1 - ((0 - -22) + (-121 - -129)).
-29
612 + -664 - (-14 - -1)
-39
What is the value of -10 + -129 - (1300 - 135